p - 3*p + 4*k - 20, 0 = -4*p + k + 31. Let q be ((-306)/15)/(4/(-10)). Suppose -18 - q = -3*j. What is the remainder when j is divided by p?
7
Suppose 44 = 2*k + 4*q, 0 = k - 2*k - q + 24. Let u(v) = 2*v**2 + 6*v - 8. Calculate the remainder when u(-7) is divided by k.
22
Let f = -1 + 2. Let t(o) be the third derivative of o**5/3 - o**4/24 - 3*o**2 - 4. Calculate the remainder when t(f) is divided by 5.
4
Let b(p) = p**3 - 10*p**2 + 10*p + 10. Calculate the remainder when b(10) is divided by 58.
52
Suppose -264 = 11*h - 1100. What is the remainder when 531 is divided by h?
75
Let x be 10/15*(-15)/(-10). What is the remainder when x*38/1 - 0 is divided by 14?
10
Let h(b) = -b**2 + 9*b - 5. Let a = 47 + -41. Calculate the remainder when 61 is divided by h(a).
9
Calculate the remainder when (396/27)/((-1)/(-6)) is divided by 18.
16
Let u be 15/(-6)*1*-2. Suppose 8 + 7 = u*m. Suppose 0 = -0*l + l - m. Calculate the remainder when 5 is divided by l.
2
Let h = 149 - 106. What is the remainder when h is divided by 12?
7
Let l be 2/(-7) + (-372)/(-28). Let d = 40 - l. Let m = -539 - -546. Calculate the remainder when d is divided by m.
6
Calculate the remainder when -1 + 1 + (4 - (5 - 9)) is divided by 6.
2
Calculate the remainder when 795 - 54/(9 + 0) is divided by 79.
78
Let x(o) be the second derivative of -o**4/12 + o**3/2 + 9*o**2/2 - o. What is the remainder when x(4) is divided by 5?
0
Let x = 843 - 769. Calculate the remainder when x is divided by 26.
22
Suppose 2*u = 2*k + 284 - 336, -4 = 2*u. What is the remainder when 58 is divided by k?
10
Let c(g) = 8*g + 1. Let y = -14 + 15. Calculate the remainder when 35 is divided by c(y).
8
Let m(p) be the second derivative of p**5/10 - p**4/12 - p**2 + 15*p. What is the remainder when 17 is divided by m(2)?
7
Let o(t) = 3*t**2 + 14*t - 3. What is the remainder when 120 is divided by o(-6)?
15
Let k = 35 + 49. Calculate the remainder when k is divided by 44.
40
Suppose 2*x = -4*c, -4*x + 4*c - 37 + 97 = 0. Suppose 0*w + x*w - 50 = 0. What is the remainder when 8 is divided by w?
3
Let r(g) = g**2 - 22*g - 31. What is the remainder when r(24) is divided by 9?
8
Calculate the remainder when 156 is divided by 2 + 9 + -41 + 58.
16
Let t(r) = -41*r**2 - r + r + 34 + 40*r**2. Calculate the remainder when 134 is divided by t(0).
32
Let z be -162*((-15)/(-6))/(-5). Suppose 5*h = 4*b - z + 18, -4*h + 36 = 4*b. Let g(x) = -24*x**2 + 58*x + 2. Calculate the remainder when g(2) is divided by b.
10
Let m(q) = -q**3 + 10*q**2 + 12*q - 7. Let o be m(11). Suppose 7050 = -a - o*a. Calculate the remainder when a/5*(-2)/6 is divided by 24.
22
Suppose -2*u = -5*x + 5, 0*x = x - 3*u - 14. Let z be (-3)/(-1) + x + 0. Calculate the remainder when 106 is divided by -2 + 1 + z*14.
25
Let n(w) = w**3 + 3*w**2 - w - 2. Suppose -2*t + 12 = -0*t - 4*i, -i = t. Let b be n(t). Calculate the remainder when 14 is divided by (-4)/(-6)*120/b.
4
Let u(p) = -p**2 + 33*p - 96. What is the remainder when u(28) is divided by 12?
8
Suppose -4*g - 5*g = -90. Suppose g*x - 40 = 8*x. Calculate the remainder when 73 is divided by x.
13
Let q = -33 + 79. Suppose q - 2 = 2*c. Suppose -178 = -2*y + 2*j, 4*j - 188 = -2*y + 11*j. Calculate the remainder when y is divided by c.
21
Let q(t) = -2*t**3 - 12*t**2 + 9*t - 27. Calculate the remainder when 188 is divided by q(-7).
4
Suppose 0 = m - 5*m + 100. Suppose 3*f - 4*h = 6*f - 2669, -2*h = 4*f - 3562. Suppose -3*j = -12*j + f. Calculate the remainder when j is divided by m.
24
Suppose -2*u - s + 69 = -0*u, -2*u = -3*s - 57. What is the remainder when 123 is divided by u?
24
Let a(g) = 2*g**3 - g**2 + 2*g. Suppose -3*k + p = 21, -5 = 4*k - 5*p + 12. Let j be (2/4)/((-2)/k). What is the remainder when 63 is divided by a(j)?
15
What is the remainder when (-581)/(-3) + ((-40)/30)/2 is divided by 13?
11
Let w = 1428 - 1352. What is the remainder when 227 is divided by w?
75
Let o(a) = a**3 + 2*a**2 - 4*a + 1. Suppose 191*d = 187*d + 4. Calculate the remainder when o(-3) is divided by d.
0
Let c(p) = 16*p**2 - 14*p + 61. Suppose 4*z = 3*n - 91, 5*n - z = -0*n + 163. Calculate the remainder when c(4) is divided by n.
30
Suppose -162 + 7 = -5*q. What is the remainder when 117 is divided by q?
24
Let c be 5 + 46/((-4)/(-4)). Suppose -10*x + 8*x - 3*q = -c, 3*q - 72 = -3*x. Calculate the remainder when x is divided by 9.
3
Let s be 1/(-6) - 26/(-12). Suppose -5*l - 4*f = -70, l = 6*l + s*f - 60. What is the remainder when 22 is divided by l?
2
Let r(i) = -2*i - 2. Let a be r(-8). Suppose 0*q + q = a. Calculate the remainder when q is divided by (-1)/4 - 21/(-4).
4
Let a be (-238)/18 - 14/(-63). Let m = a + 34. Calculate the remainder when 183/1*(-2)/(-6) is divided by m.
19
Suppose 4*n = 3*n + 2. Suppose 7*j - 6*j + 70 = 3*h, -n*h = -5*j - 25. Calculate the remainder when h is divided by 14.
11
Let h be (-5)/(-20) + 22/8. Let q(v) = 59 - 2*v**2 + 3*v + h*v**2 - 67. Calculate the remainder when 79 is divided by q(-7).
19
Calculate the remainder when (-8)/(40/(-8845)) + (-8)/2 is divided by 17.
14
Let l = 752 - 698. What is the remainder when 317 is divided by l?
47
What is the remainder when (16/10)/(-2 - (-152)/75) is divided by 31?
29
Let o(z) = z**3 - 4*z**2 + 4. Let s be (3/2)/((-12)/(-32)). Let g be o(s). Let n = 4 + g. Calculate the remainder when 21 is divided by n.
5
Suppose -5*h + 3*c = -180, -140 = -3*h - 3*c - 8. Suppose -6*g = -3*g - h. Calculate the remainder when g is divided by 8.
5
Let u(z) = -5*z + 38. Let n(o) = -11*o + 75. Let a(c) = -3*n(c) + 7*u(c). Let j(w) = -2*w + 1. What is the remainder when a(0) is divided by j(-5)?
8
Let t = 257 - 212. Calculate the remainder when t is divided by 7.
3
Suppose 28*q = 19*q + 369. What is the remainder when 160 is divided by q?
37
Suppose 29*g = 40*g - 1804. Calculate the remainder when g is divided by 28.
24
Let m be 3296/208 + 4/26. Suppose -4*x = -5*x - m. What is the remainder when x*-3*2/3 is divided by 11?
10
Suppose -6 = y + 3*f, y - 6 = f + 2*f. Let v = 33 - 6. Calculate the remainder when v is divided by 16 + (-2 - y/3).
13
Suppose -6 = -n + 30. Suppose s - n = -25. Calculate the remainder when s is divided by 5.
1
Suppose p + 3*t = 5*p - 209, 213 = 4*p + t. Calculate the remainder when p is divided by (-15)/((-33)/12 - -2).
13
Suppose -1750 = -25*w + 11*w. Calculate the remainder when w is divided by 14.
13
Let o(h) = 9*h**3 - 5*h**2 + 2*h + 6. Calculate the remainder when 176 is divided by o(2).
52
Let h = 76 - 73. Suppose -4*d = -0*r - h*r - 276, 69 = d - r. What is the remainder when d is divided by 19?
12
Let m be -14 + -3*(-12)/9. Let p = m + 24. What is the remainder when (104/(-6))/(2/(-6)) is divided by p?
10
Suppose -250 - 902 = -18*z. Calculate the remainder when 255 is divided by z.
63
Let f be (-11)/(33/(-18))*(-19)/(-2). Suppose 56*p + 30 = f*p. What is the remainder when p is divided by 9?
3
Let n(s) = -6*s**3 + 3*s**2 - 4*s + 3. Let y be n(2). Let l = y + 70. Calculate the remainder when l is divided by 3.
2
Let t = -506 + 557. Calculate the remainder when t is divided by 29.
22
Calculate the remainder when 244 is divided by (-144333)/(-2349) - -6*4/(-54).
0
Let q(w) be the third derivative of -w**7/5040 + w**5/30 - w**2. Let v(t) be the third derivative of q(t). Calculate the remainder when 15 is divided by v(-4).
3
What is the remainder when 85 is divided by 474/27 + 5 - 8/(-18)?
16
Let g(j) = j**2 - 11*j + 33. Let o(y) = y**3 - 4*y**2 + 4*y - 2. Let q be o(4). Let i = 1 + q. Calculate the remainder when i is divided by g(8).
6
Let l = 643 - 627. Calculate the remainder when 42 is divided by l.
10
Let r(p) = -p**2 + 3*p + 12. Let q be r(13). Let y = 0 - q. What is the remainder when y is divided by 30?
28
Let k(h) = -h**2 - 6*h + 11. Let i be k(-7). Suppose 2*f - 30 = -0*f - i*a, 4*a = 2*f - 14. Calculate the remainder when 74 is divided by f.
8
Let h = -114 - -192. Let z = -60 + 80. What is the remainder when h is divided by z?
18
Suppose 0 = -2*v - 4, 3*v + 142 = -5*r - 44. Let z = r + 47. Calculate the remainder when 43 is divided by z.
10
Let b be (17 - 15) + (53 - 0). Let o = -42 + b. What is the remainder when 37 is divided by o?
11
Suppose -5*t + 297 = 3*f + 88, -3*f = t - 229. Calculate the remainder when f is di